Let q(k) = k**3 - 6*k**2 + 5*k - 12. Give q(6).
18
Let a(q) = 15*q + 1. Determine a(-3).
-44
Let u(s) = -14*s**2 + 3*s - 4. What is u(3)?
-121
Let c(o) = -o**2 + 13*o + 2. Give c(13).
2
Let m(v) = -v**2 - 30*v - 13. What is m(-9)?
176
Let s(u) = -u**3 + 4*u**2 + 4*u - 19. What is s(5)?
-24
Let g(m) = -3*m + 41. Calculate g(-12).
77
Let v(g) = -7*g - 16. What is v(-6)?
26
Let c(x) = 3*x + 38. Determine c(-14).
-4
Let u(f) = -17*f + 5. What is u(-6)?
107
Let p(k) = -26*k - 792. What is p(-30)?
-12
Let c(w) = -8*w + 182. Calculate c(23).
-2
Let m(u) = u**3 + 14*u**2 - 3*u - 17. Calculate m(-14).
25
Let u(p) = -p**3 + 11*p**2 - 4. What is u(11)?
-4
Let c(d) = -d**2 - 2*d + 9. What is c(0)?
9
Let r(m) = 32*m + 858. Determine r(-27).
-6
Let u(v) = v**2 + 2*v - 2. Give u(1).
1
Let l(s) = 5*s + 12. Give l(-5).
-13
Let a(z) = -z**3 - 13*z**2 - 12*z + 2. Give a(-12).
2
Let y(o) = o**3 - 10*o**2 + 2*o - 9. Determine y(10).
11
Let z(s) = -2*s**2 - 2*s - 1. What is z(2)?
-13
Let o(g) = 24*g + 4. What is o(3)?
76
Let k(l) = -10*l**2 + 5*l - 3. Give k(3).
-78
Let s(t) = t**3 + 9*t**2 - 7*t + 1. Calculate s(-10).
-29
Let w(q) = -q**3 + 8*q**2 + 9*q + 12. Determine w(9).
12
Let x(g) = -g**3 - 4*g**2 + 2*g - 15. Give x(-5).
0
Let n(v) = -v**2 - 10*v + 2. Give n(-8).
18
Let t(o) = 5*o - 67. Give t(15).
8
Let y(s) = 12*s**2 - 2*s + 1. What is y(1)?
11
Let w(z) = 2*z - 1. Give w(-10).
-21
Let w(m) = 4*m - 37. Give w(17).
31
Let s(h) = -h**3 - 3*h**2 + 10*h - 2. Determine s(-5).
-2
Let v(r) = r**3 - 6*r**2 + 5*r + 4. Determine v(3).
-8
Let u(k) = 12*k**2 - 98*k + 4. Give u(8).
-12
Let r(i) = i**2 + i - 5. Determine r(4).
15
Let s(q) = -6*q**2 + 98*q - 29. Calculate s(16).
3
Let t(j) = -26*j. Calculate t(1).
-26
Let f(l) = l**2 - 12*l + 7. Calculate f(10).
-13
Let s(o) = o**3 - o**2 - o - 1. Give s(3).
14
Let p(d) = -d**3 + 11*d**2 + 13*d - 18. Determine p(12).
-6
Let s(u) = -15*u - 15. Give s(-4).
45
Let x(m) = m**3 - 7*m**2 - 2*m - 8. What is x(6)?
-56
Let s(h) = 2*h**2 - 16. Give s(0).
-16
Let v(f) = f**3 + 3*f**2 + f + 4. What is v(-3)?
1
Let s(w) = w**3 + 3*w**2 - 8*w - 9. Calculate s(-6).
-69
Let l(p) = 13*p**3 + 5*p**2 + 2*p - 2. Determine l(-1).
-12
Let u(d) = 5*d**2 + 29*d + 7. Determine u(-9).
151
Let y(h) = h**3 + 12*h**2 - 28*h - 1. Give y(-14).
-1
Let g(k) = 5*k**3 - 4*k**2 - 2*k + 2. Give g(-1).
-5
Let l(z) = 6*z - 47. What is l(13)?
31
Let c(r) = r**2 + 7*r - 5. Calculate c(5).
55
Let z(o) = 5*o**2 + 4*o + 2. Calculate z(-3).
35
Let k(g) = 2*g**2 - 5*g - 11. Determine k(6).
31
Let t(h) = h**2 + 20*h - 16. Give t(-23).
53
Let h(s) = 6*s - 49. Give h(13).
29
Let c(a) = -a**3 + 16*a**2 + 16*a + 38. What is c(17)?
21
Let x(g) = g**3 - 24*g**2 - 25*g + 8. Calculate x(25).
8
Let i(t) = -7*t**3 + 5*t**2 - t - 10. What is i(-3)?
227
Let t(c) = c + 3. Give t(6).
9
Let c(p) = -10*p + 20. Give c(7).
-50
Let x(l) = l**2 - 12*l + 12. What is x(12)?
12
Let m(c) = 2*c**2 + 15*c + 9. Calculate m(-6).
-9
Let g(l) = l**3 - 7*l**2 + 3*l + 4. What is g(4)?
-32
Let g(j) = j**3 - j**2 - 48*j - 92. Determine g(-2).
-8
Let t(a) = a**2 - 11*a + 15. Give t(6).
-15
Let v(g) = -4*g - 18. Determine v(-6).
6
Let v(x) = x**3 + 25*x**2 + 25*x + 28. What is v(-24)?
4
Let w(c) = -2*c**2 + 16*c - 23. Determine w(7).
-9
Let g(k) = k - 7. What is g(9)?
2
Let q(c) = c**3 - 4*c**2 - c + 4. Give q(3).
-8
Let j(b) = -42*b - 172. What is j(-4)?
-4
Let k(h) = h**3 + 68*h**2 + 64*h - 191. What is k(-67)?
10
Let t(k) = -28*k + 189. Calculate t(7).
-7
Let i(f) = -f**3 + 7*f**2 - 7*f. Give i(6).
-6
Let k(g) = g + 5. Determine k(-6).
-1
Let v(a) = -a**3 + 23*a**2 - 47*a + 101. Determine v(21).
-4
Let i(r) = -r + 9. Give i(9).
0
Let t(z) = 4*z**2 - 32*z + 17. Calculate t(8).
17
Let l(r) = r**3 + r**2 - 56. Give l(0).
-56
Let q(v) = v**3 + 7*v**2 - 5*v + 6. Give q(-8).
-18
Let x(w) = -w**3 - 2*w**2 - 10*w - 15. Calculate x(-2).
5
Let n(x) = 4*x**2 + x + 10. Give n(-3).
43
Let s(r) = -11*r + 1. Determine s(-1).
12
Let f(x) = -x**2 - 10*x - 10. Give f(-7).
11
Let o(q) = -q**3 + 11*q**2 + 11. What is o(11)?
11
Let d(r) = -r**3 + 29*r**2 - 30*r + 51. Calculate d(28).
-5
Let k(o) = o - 3. Give k(-2).
-5
Let m(r) = -r**3 - 4*r**2 + 3*r - 12. What is m(-5)?
-2
Let f(l) = -l**3 - 17*l**2 - 17*l + 12. Determine f(-16).
28
Let b(j) = 3*j + 1. Determine b(-2).
-5
Let q(o) = -5*o - 1. What is q(-3)?
14
Let p(n) = -2*n**2 - 6*n - 15. Give p(6).
-123
Let w(d) = -d**3 + 18*d**2 + 19*d + 9. Calculate w(19).
9
Let m(w) = -87*w**3 - 2*w**2 + 2*w - 1. Calculate m(1).
-88
Let p(q) = 4*q**2 - 41*q + 46. Give p(9).
1
Let z(y) = 6*y**3 + 4*y**2 - 5*y + 3. What is z(1)?
8
Let s(j) = j**3 - 4*j**2 + 12. Give s(5).
37
Let r(b) = -3*b + 18. Give r(0).
18
Let w(f) = 12*f + 2. Give w(-5).
-58
Let t(j) = j - 13. Determine t(7).
-6
Let j(s) = s**3 + 18*s**2 - 38*s - 353. Calculate j(-19).
8
Let h(b) = b**3 - 9*b**2 - 9*b + 7. Calculate h(10).
17
Let d(j) = 2*j**2 - 5*j + 4. Calculate d(2).
2
Let i(x) = -2*x**3 - 2*x**2 + 9*x - 4. What is i(2)?
-10
Let n(p) = -p**3 - 17*p**2 - 20*p - 36. Give n(-16).
28
Let a(y) = -y**3 + 8*y**2 - 9*y + 5. Determine a(7).
-9
Let t(w) = 2*w + 6. Determine t(-13).
-20
Let v(q) = q**2 + 10*q + 12. Calculate v(-9).
3
Let o(a) = 2*a**2 - 15*a + 3. What is o(7)?
-4
Let n(f) = -23*f + 2. What is n(2)?
-44
Let i(t) = 4*t + 7. Calculate i(-10).
-33
Let s(u) = -3*u - 10. Calculate s(-5).
5
Let x(s) = 2*s**3 - s**2 - 2. Determine x(2).
10
Let v(a) = -a - 25. What is v(-13)?
-12
Let x(d) = -2*d**3 - 14*d**2 - 13*d + 4. What is x(-6)?
10
Let a(c) = c**2 - 6*c + 5. Calculate a(3).
-4
Let o(h) = -18*h**3 - h**2 - h + 2. Give o(1).
-18
Let j(n) = n**2 + 5*n - 2. Calculate j(-3).
-8
Let s(l) = l**3 - 9*l**2 - 7*l - 22. Calculate s(10).
8
Let v(z) = z**2 - 27*z - 64. Determine v(-2).
-6
Let q(o) = 37*o + 8. What is q(2)?
82
Let m(l) = -l**3 + 12*l**2 - 13*l + 12. Calculate m(11).
-10
Let k(w) = -39*w - 71. Calculate k(-2).
7
Let b(h) = h**3 + 13*h**2 + 2*h + 26. Calculate b(-13).
0
Let d(c) = -c**3 - 5*c**2 + 13*c + 49. What is d(-6)?
7
Let n(y) = 3*y - 15. What is n(7)?
6
Let r(k) = 3*k + 28. Give r(-11).
-5
Let m(q) = -5*q + 17. Determine m(6).
-13
Let q(o) = 5*o**2 - 2*o - 1. Determine q(-1).
6
Let l(i) = -2*i + 22. What is l(13)?
-4
Let j(q) = 12*q + 11. Determine j(-3).
-25
Let k(s) = -s**3 - 10*s**2 + 11*s - 15. Calculate k(-11).
-15
Let h(a) = -a**3 - 17*a**2 + 37*a - 22. What is h(-19)?
-3
Let w(u) = -3*u**3 - 2*u**2 + 15*u + 28. What is w(-2)?
14
Let b(j) = -j**3 + 2*j**2 + 26. Determine b(0).
26
Let n(r) = -r**2 + 10*r - 9. Give n(9).
0
Let v(n) = n**2 - 3*n - 1. Give v(4).
3
Let u(n) = -n**3 - 2*n**2 - 3*n - 5. Give u(-4).
39
Let l(m) = -m**3 - 10*m**2 - 12*m - 23. What is l(-9)?
4
Let f(o) = -2*o**2 + 37*o - 50. What is f(17)?
1
Let o(c) = c - 6. What is o(3)?
-3
Let g(c) = 21*c + 7. Determine g(-1).
-14
Let c(i) = -5*i**2 + 2*i. Determine c(-4).
-88
Let z(c) = 5*c**2 - 64*c - 11. Determine z(13).
2
Let o(w) = -33*w + 4. Give o(1).
-29
Let d(a) = -14*a**3 + a**2 + 6*a + 3. Give d(-2).
107
Let v(d) = -129*d + 7. Give v(-1).
136
Let i(g) = -11*g**3 + g. What is i(1)?
-10
Let g(q) = 16*q + 38. Determine g(-2).
6
Let x(n) = 23*n**3 - 3*n - 1. Determine x(-1).
-21
Let c(h) = -4*h**2 + 13*h - 17. Calculate c(2).
-7
Let g(a) = -a**3 + 2*a**2 + 27*a - 69. Determine g(4).
7
Let s(q) = -7*q - 70. Determine s(-10).
0
Let d(o) = o**3 + 12*o**2 + 30*o + 12. Determine d(-9).
-15
Let j(k) = 4*k - 9. What is j(-7)?
-37
Let b(x) = 3*x + 12. What is b(-3)?
3
Let m(z) = -z**2 - 10*z. Determine m(-9).
9
Let u(i) = -i - 9. Determine u(9).
-18
Let d(c) = 14*c - 31. Determine d(3).
11
Let h(m) = m**3 - 4*m**2 - m + 9. Determine h(3).
-3
Let p(d) = -14*d - 4. What is p(3)?
-46
Let k(u) = 5*u. Calculate k(3).
15
Let m(p) = p**2 - p - 10. What is m(-3)?
2
Let z(t) = -t**2 - 12*t + 14. Calculate z(7).
-119
Let w(i) = 3*i**3 - 2*i**2 + i - 1. Determine w(-2).
-35
Let d(q) = -3*q**2 + 151*q + 114. Determine d(51).
12
Let x(d) = d**3 + 12*d**2 + 23*d + 33. Give x(-10).
3
Let c(j) = j**3 + 5*j**2 + 2*j + 5. What is c(-5)?
-5
Let j(q) = -q + 10. Determine j(6).
4
Let h(y) = -y**2 - 36*y - 201. Calculate h(-29).
2
Let m(a) = 9*a**2 - 4. Calculate m(-3).
77
Let t(h) = 13*h**2 + 5*h - 1. Give t(4).
227
Let x(o) = -o**2 + 15*o - 35. D